+ (2 - 6).
-13
-9 + (-11 - 1 - -19)
-2
3 + 6 + 4 - -6
19
Calculate -135 - -130 - (2 + -1).
-6
What is the value of 356 - 355 - (5 - (-1 + 0))?
-5
Calculate 12 + -6 + (-14 - -6).
-2
What is the value of (127 - 65 - 59) + -14 + -1?
-12
(-170 - -163) + 23 + -1
15
Calculate (-3 + 1 + 17 - 3) + (-4 - 3).
5
What is the value of 28 + -42 + (0 - -20)?
6
Calculate -11 + 16 - 23 - -26.
8
Calculate 8 + (-6 - -8) + -2 + 4.
12
Calculate 31 + (-30 - (-1 - 1)).
3
(-1 + -10 - -5) + 5 + 3
2
What is the value of -13 - (-10 + (1 - (1 - 5))) - 3?
-11
Evaluate 29 + -16 + (-1 - -2) - 8 - -10.
16
What is -52 - (11 - 59 - -19)?
-23
-139 - -173 - (5 + 36)
-7
-3 + 5 + 1 - (15 + -30)
18
What is -2 + (-5 - -4) - (1 + 2)?
-6
Evaluate (-1 + 1 - 6) + (5233 - 5198).
29
Calculate -7 - (8 + (-9 - (8 - 0))).
2
Evaluate -4 + 2 - 7 - ((7 - 6) + -6).
-4
Calculate -14 - (-11 + (5 - 14)).
6
What is the value of 5 + -5 + (2 - -9) - 14?
-3
What is 7 + 1 + -3 + -20?
-15
What is the value of 31 + 4 - (6 + -12 - (17 - 25))?
33
Calculate 1 - (-4 + (2 - 3) - -8 - 4).
2
8 - (-12 - -4 - -4)
12
(17 - -2) + -9 + -15 - (-28 + -1)
24
What is (3 - (5 - 5) - 3) + 22 + -33?
-11
Calculate 9 + -5 + -7 + 4 + (1 - 5).
-3
What is -186 - -193 - ((-2 - 0) + (3 - -12))?
-6
What is (2 - (7 - 0)) + -9 + (13 - 5)?
-6
What is the value of -123 - -164 - (21 - 4)?
24
Evaluate 11 - (5 - -4) - 13.
-11
What is the value of (122 - 121) + -1 + 10?
10
-7 + 69 + -77 + 0 + 1
-14
Calculate 9 + -7 + -4 - -11.
9
What is (-2 - (-6 + -1)) + (-10 - 0) + 11?
6
What is the value of 29 - (18 + -19) - 38?
-8
What is -3 + (-7 - -2) + (29 + -31 - -1)?
-9
Evaluate 18 - (-7 + -1) - (-4 - -14).
16
What is the value of 4 + 3 + 21 + 7 + -11?
24
Evaluate -10 - (-9 - (5 + 3)).
7
What is 2 - ((0 - 14) + -2)?
18
Calculate -20 + 1 + (-148 - -153).
-14
What is the value of 1 - (-12 + 14 + -10 + 28)?
-19
Calculate (2 - (10 + -20 - (-3 + 2))) + 6.
17
(-12 - (-2 - 11)) + -6
-5
What is 30 - (18 - -9) - (-17 + 3)?
17
-2 + -27 + -10 + 13
-26
What is the value of -19 + (0 - -1) + -1319 + 1327?
-10
Calculate -9 - (8 + -4 + (3 - -2 - 0)).
-18
What is 1 + -23 - (8 - 21)?
-9
(2 - (3 - (0 + 9))) + 71 + -88
-9
Evaluate (7 - 18 - -14) + 7 - 1.
9
-14 + 31 + -32 - -17
2
0 + -6 - (34 - 34)
-6
Evaluate (-20 + 35 - (23 - 3)) + (34 - 2).
27
What is the value of -7 - (-4 - (-12 + 32))?
17
Calculate 11 - (-2 + -4 - -24).
-7
-14 + -3 + 8 + (-104 - -109)
-4
Calculate 0 + (-11 - -1) - (139 - 159) - 17.
-7
What is the value of (47 - 2) + (227 - 235)?
37
Evaluate 13 - (-42 - -21 - -37).
-3
What is -7 + 5 + 10 - (5 - -8)?
-5
What is the value of -5 + (10 - -11) + -1?
15
Calculate -5 + 1 + (567 - 544).
19
What is the value of 15 + 18 + -19 - 11?
3
What is -7 + (-14 - (-43 + 15))?
7
1 + 6 + (-5 - 11) + 2 + 1
-6
-97 + 99 - (-1 + 3 + (-18 - -2))
16
Calculate -1 - 3 - (-17 - -16) - 8.
-11
Evaluate (-1 - 6) + -322 + 344 + (2 - -2).
19
Calculate -9 - ((12 - 11 - 6 - -6) + -3).
-7
What is -30 - ((6 - 32) + 37 + -9 + 1)?
-33
2 - (-27 + -2) - (49 + -32 + -19)
33
What is the value of (3 - (11 - (-12 + 23))) + 2 + 2?
7
Calculate -19 + 18 + -8 - (-7 - 17).
15
Evaluate (-12 + 1 + 3 + -8 - -3) + 1.
-12
10 + -2 - (-4 + 24 + -24)
12
Calculate 2 - (24 - (41 + 1)).
20
8 - (20 + -68 + 43)
13
What is 25 + (-79 - -75 - (1 + -7) - 9)?
18
Evaluate -58 + 55 + 1 + (-1 - -7).
4
6 - (-2 - (-12 - -13)) - 0
9
-7 + 1 + 3 + -15 + 0
-18
Calculate (4 - (-16 + 29)) + (2 - (-1 + 5)).
-11
What is (1 - (1 + -17)) + -22 + -47 + 61?
9
What is -5 - (0 + -9 + 2 + (-5 - 0))?
7
(3 - (1 - (-7 - -9) - 9)) + 0
13
What is the value of 0 + -1 + 10 + 4 + -9 + -5?
-1
Calculate (-20 - -56) + -46 - (0 + -9).
-1
What is 3 + 12 + -1 + -14?
0
117 + -118 + (6 - 2) + 0 + -2
1
-1 - -20 - (-48 - -60)
7
4 + -16 + 2 + -2
-12
(-6 - 0 - -13 - 0) + -3 + -8
-4
-5 + -6 + (5 + -7 - -6)
-7
Evaluate (18 - 2) + (-57 - (13 - 64)).
10
24 - (32 + 16) - -26
2
Calculate 0 - -7 - 2 - (8 - (-5 + -17)).
-25
Calculate -1 + 2 + -161 + 149.
-11
What is the value of -6 + 19 + (-6 - (4 + -5)) + 0?
8
2 - (1 + 19) - (6 + (-10 - -12))
-26
1 - 4 - (4 - -2 - -2)
-11
(-11 - (12 + -6 + -22)) + -1 + 34
38
-1 + -9 + 3 - (6 - 4 - -3)
-12
-6 + (7 - 4) + -18
-21
(4 - (7 - (9 + -5 + -2))) + -16
-17
Evaluate -13 + (-17 - (4 + -5)) + -13 + 20.
-22
What is the value of (-2 - -3) + (43 + -64 - 5)?
-25
What is -57 + 57 - (-6 + 30 - 3)?
-21
What is the value of (-8 - (15 + -30)) + -12?
-5
What is the value of (-5 - -6) + (7 - 5 - -5)?
8
What is the value of 32 - (12 - (-13 - -5))?
12
What is 20 - (44 + (3 - 11))?
-16
What is -1 + -7 + 12 + -3 - 6?
-5
Calculate (14 - (1 - 2)) + -25 + 18.
8
Evaluate 3 + -8 + 5 + -11 + -5 + -6.
-22
What is the value of (12 - -3) + 3 + 0 + -39 + 37?
16
Calculate (165 - 177) + 3 + 1.
-8
2 + -9 + 13 + -16 + -3
-13
What is -13 - ((0 - -8) + -4 + 1)?
-18
Evaluate (12 - 4 - 22) + (3 - 1).
-12
Calculate -8 - -16 - (1 + 5 + -2 + 13).
-9
What is -26 + (39 - 21) + (-1 - (8 + -3))?
-14
What is the value of 14 - (11 - -7 - -9)?
-13
What is the value of -2 - (36 + -73) - 3?
32
Evaluate 2 - 7 - (2 + -23 + 20).
-4
What is -3 + (15 + 19 - 7)?
24
Calculate -1 - -8 - (5 + -19 + 34).
-13
Calculate -5 - (-7 - (0 + -17)).
-15
8 + (-6 - -3) + (29 - 34)
0
-723 + 745 - (0 - -17)
5
Evaluate 10 + (9 - (-3 + 5) - 4) + -35.
-22
-34 + 33 - (-2 - 11)
12
What is 534 + -517 + (0 - 36)?
-19
What is (10 - 14) + 11 - 3?
4
Evaluate (-5 - -12) + (-1 + 8 - (134 - 135)).
15
(22 - 7) + 7 + -8 + 2
16
Evaluate (-18 + (-4 - 0) - -20) + (-1 - 3).
-6
Evaluate -5 - (6 + -10 + (-3 - -6) - -4).
-8
What is 9 + -2 - (3 + -1) - (-233 - -238)?
0
What is 9 + (10 - (-4 - -45) - -10)?
-12
(7 - 1) + 4 - (71 + -48)
-13
What is the value of 1 + -6 - (9 + -5 + -2 - 9)?
2
Evaluate -7 + 15 - (-6 - -19).
-5
(-1 - 26) + (36 - (75 + -39))
-27
Calculate 5 - (-18 - (-12 + -11)) - (-2 - -1).
1
155 + -186 + (-2 - -29)
-4
7 - (0 + 30 - -2) - -6
-19
What is the value of 3 + 3 + -12 + 5 - 5 - -11?
5
Evaluate 27 - 7 - (-37 + 56).
1
What is the value of (1 + 33 - (6 + 13)) + (2 - 5)?
12
Evaluate (-20 - (-6 - -2)) + 43.
27
Calculate (-3 - (0 - 0)) + (-1166 - -1182).
13
What is (-2 - -2) + (-132 - -118) + -11?
-25
What is -3 + 9 + -29 + 10?
-13
What is 2 - -3 - (3 - 9 - 13)?
24
Calculate 1 - (-5 + 0) - (-17 + 8 + 4).
11
What is the value of 774 - 770 - (-1 - -1)?
4
Calculate 8 - ((48 - 38) + 1 + -21 + 38).
-20
0 + (7 - 1) + (86 - 84) + 2
10
Calculate 12 + 12 + -21 - -1.
4
What is the value of (4 - 11 - -14) + -5?
2
What is the value of -1 + 0 - (-17 + (14 - (12 - 13)))?
1
What is 54 + -15 + -21 + -18?
0
Calculate -8 + -62 + 80 + -5 + 2.
7
Calculate -541 - -503 - (-2 + -17).
-19
What is (-33 + -12 - -37) + (-1 - 12)?
-21
0 + 23 + -29 + 2
-4
Evaluate -9 - (-3 - 10 - -1).
3
Calculate 659 + -649 + (3 + -4 - 25).
-16
Calculate -25 + -1 + (99 - 60).
13
(-4 - (12 - -10) - -15) + 1 + -2
-12
Calculate 9 - (-1 - (-15 - -7) - 7 - -26).
-17
-4 + (1 - -2) - ((-3 - 6) + 26)
-18
What is -832 + 847 - (-4 + -8 - (-2 - 0))?
25
Evaluate 20 - (-6 - -5) - 11.
10
What is (9 - -6) + -5 + -34 - (-1 - 10)?
-13
Calculate (-29 - -2 - (33 + -37)) + (6 - 2).
-19
What is the value of 18 - 21 - (-6 - 3)?
6
What is the value of 169 + -163 - (3 - -2)?
1
-2 + 0 + 7 + 5 + -15 + -1
-6
Evaluate -18 + 3 - -2 - (147 + -187).
27
Calculate (0 - -3) + 187 + -180.
10
108 + -42 + -63 + (-1 - -16)
18
(35 - 2 - 37) + (0 - -5)
1
What is the value of (1 - -1 - (3 + -8)) + -4 + 3?
6
Evaluate (-37 - -30) + -70 - -38.
-39
Calculate (-19 + 35 - 12) + -2 + 2 - 4.
0
Evaluate (41 - 51) + -5 - (-1 + -31).
17
Evaluate 7 - (-77 - -82 - (-1 + 10)).
11
(0 - 0) + (-4 - -4 - (31 - 43))
12
Calculate (-4 - -6) + (20 - 18).
4
26 + -72 + 22 + 0 + -3 + 0
-27
-7 - -19 - ((5 - 5) + 7 + -4)
9
Evaluate (7 - (6 - (-3 - (1 + -6)))) + -7.
-4
What is 27 + 5 + 15 + -60?
-13
What is the value of (5 - (23 + -10)) + 6 + -2?
-4
Calculate -50 - ((-3 - 72) + 37).
-12
0 - (-5 + (14 - (7 + -12)) + 4)
-18
-3 - 3 - (2 + -13) - (1 - -2)
2
Calculate 9 - 9 - (11 + -43 - 1).
33
1031 + -989 + (1 - 30)
13
What is 6 + -5 + -2 + (3 - 2) + 4?
4
What is -6 + (18 + -2 - 22)?
-12
What is the value of 17 - ((-8 - (-13 + 1)) + -13)?
26
What is the value of -11 + (-259 + 250 - (9 - 0))?
-29
What is the value of -3 - (-46 + 33 + (2 - -2))?
6
What is 31 + 2 - (36 - 18)?
15
What is the value of -153 + 156 + -3 